Does 139 divide 22255290?
True
Is 4777877 a multiple of 25?
False
Is 15280840 a multiple of 4?
True
Is 41 a factor of 9307999?
False
Does 27 divide 52380?
True
Is 116 a factor of 85724?
True
Is 4314986 a multiple of 188?
False
Does 140 divide 850366?
False
Does 8 divide 1517616?
True
Does 875 divide 3496802?
False
Is 40 a factor of 873520?
True
Does 110 divide 478830?
True
Does 13 divide 12433447?
True
Is 167286 a multiple of 12?
False
Does 11 divide 3636534?
True
Does 48 divide 730867?
False
Does 21 divide 713265?
True
Is 19019 a multiple of 7?
True
Is 433 a factor of 115101?
False
Is 1622334 a multiple of 57?
True
Is 397 a factor of 5536548?
False
Is 14 a factor of 3756259?
False
Is 120658 a multiple of 18?
False
Is 497216 a multiple of 34?
True
Is 57314 a multiple of 8?
False
Does 9 divide 465397?
False
Does 224 divide 2563904?
True
Is 746518 a multiple of 152?
False
Is 93262 a multiple of 17?
True
Is 101 a factor of 188870?
True
Is 248 a factor of 274784?
True
Does 29 divide 1211301?
True
Does 4 divide 18400?
True
Is 3231799 a multiple of 227?
True
Is 7501095 a multiple of 63?
True
Does 69 divide 340478?
False
Does 19 divide 35720?
True
Is 375295 a multiple of 17?
False
Does 57 divide 29583?
True
Is 1559670 a multiple of 49?
True
Is 7 a factor of 612276?
True
Is 63 a factor of 863793?
True
Is 4612965 a multiple of 35?
True
Is 2027568 a multiple of 424?
True
Is 11 a factor of 1676301?
True
Is 4493650 a multiple of 925?
True
Does 42 divide 117104?
False
Is 25096 a multiple of 215?
False
Does 25 divide 252445?
False
Is 277 a factor of 236677?
False
Is 5197051 a multiple of 16?
False
Is 8 a factor of 91184?
True
Is 259903 a multiple of 347?
True
Does 75 divide 5753?
False
Is 225 a factor of 57825?
True
Does 48 divide 204528?
True
Is 30711 a multiple of 3?
True
Does 8 divide 78448?
True
Is 1824214 a multiple of 1138?
True
Does 145 divide 1682909?
False
Does 215 divide 1510371?
False
Is 17 a factor of 424687?
False
Does 458 divide 8270106?
True
Is 107 a factor of 115699?
False
Is 903799 a multiple of 15?
False
Does 2 divide 1503551?
False
Is 35 a factor of 90414?
False
Is 425714 a multiple of 17?
True
Is 74 a factor of 233501?
False
Is 91 a factor of 100234?
False
Is 7 a factor of 33246?
False
Is 97 a factor of 656884?
True
Is 22 a factor of 257717?
False
Does 3 divide 1905595?
False
Is 4855446 a multiple of 153?
False
Is 2708608 a multiple of 448?
True
Is 2547006 a multiple of 1221?
True
Is 141094 a multiple of 94?
True
Does 558 divide 2067170?
False
Is 15 a factor of 28061?
False
Is 379842 a multiple of 58?
True
Is 958141 a multiple of 67?
False
Is 2825533 a multiple of 838?
False
Is 17 a factor of 275298?
True
Is 16468165 a multiple of 54?
False
Is 845 a factor of 597415?
True
Is 776585 a multiple of 138?
False
Is 3348216 a multiple of 9?
True
Does 6 divide 23992?
False
Is 33 a factor of 23611104?
True
Is 2399168 a multiple of 19?
True
Is 62346 a multiple of 111?
False
Is 590121 a multiple of 551?
True
Does 924 divide 8342796?
True
Does 4 divide 143992?
True
Is 390028 a multiple of 14?
False
Is 60300 a multiple of 90?
True
Does 13 divide 1009559?
False
Does 44 divide 1144658?
False
Is 505280 a multiple of 32?
True
Is 115529 a multiple of 125?
False
Does 195 divide 56896?
False
Is 116 a factor of 2082293?
False
Does 1550 divide 19085150?
True
Is 806151 a multiple of 46?
False
Is 140740 a multiple of 18?
False
Is 5274818 a multiple of 1093?
True
Does 12 divide 27024?
True
Is 67 a factor of 1069856?
True
Is 459456 a multiple of 192?
True
Does 418 divide 55888?
False
Does 61 divide 102846?
True
Is 546971 a multiple of 37?
True
Is 140 a factor of 191677?
False
Is 94 a factor of 65872?
False
Is 47 a factor of 4935?
True
Does 49 divide 2231813?
False
Is 24216434 a multiple of 1466?
False
Does 7 divide 189819?
True
Is 2380 a multiple of 85?
True
Is 19298199 a multiple of 555?
False
Is 349953 a multiple of 62?
False
Does 271 divide 618693?
True
Is 17 a factor of 636616?
True
Does 88 divide 336776?
True
Is 1467 a multiple of 163?
True
Does 1047 divide 894545?
False
Does 306 divide 48413?
False
Is 1446517 a multiple of 6?
False
Is 2219037 a multiple of 124?
False
Is 940296 a multiple of 58?
True
Is 77 a factor of 2025019?
False
Is 2308399 a multiple of 16?
False
Does 423 divide 3385783?
False
Is 310888 a multiple of 46?
False
Is 228177 a multiple of 16?
False
Is 27768 a multiple of 89?
True
Does 223 divide 12843251?
False
Is 147192 a multiple of 38?
False
Is 2608560 a multiple of 3?
True
Is 1902 a multiple of 3?
True
Is 129 a factor of 129235?
False
Does 599 divide 1429813?
True
Is 12 a factor of 44362?
False
Is 329736 a multiple of 24?
True
Does 15 divide 3135895?
False
Is 155226 a multiple of 39?
False
Is 23896 a multiple of 559?
False
Does 13 divide 176490?
False
Is 2350025 a multiple of 35?
False
Is 158 a factor of 10409578?
False
Is 201 a factor of 292620?
False
Is 4 a factor of 190570?
False
Is 1127747 a multiple of 96?
False
Is 254367 a multiple of 27?
True
Is 249074 a multiple of 80?
False
Is 95 a factor of 18569?
False
Does 482 divide 6510374?
True
Does 78 divide 8016450?
True
Is 326 a factor of 39936?
False
Is 34 a factor of 100130?
True
Is 146 a factor of 346312?
True
Is 5968235 a multiple of 35?
True
Is 6 a factor of 5784?
True
Does 264 divide 2998776?
True
Is 29 a factor of 734077?
True
Is 7104 a multiple of 86?
False
Is 287430 a multiple of 39?
True
Is 33899 a multiple of 161?
False
Is 36 a factor of 12774216?
False
Does 4 divide 768655?
False
Does 10 divide 1022470?
True
Does 19 divide 8737650?
False
Is 28 a factor of 435692?
False
Is 17 a factor of 3042643?
True
Is 1546153 a multiple of 61?
False
Does 18 divide 7510410?
True
Does 7 divide 4043676?
True
Is 173 a factor of 96194?
False
Does 477 divide 247086?
True
Is 72 a factor of 595440?
True
Does 14 divide 287728?
True
Is 1310 a factor of 2919990?
True
Does 28 divide 467534?
False
Does 100 divide 633900?
True
Is 35262 a multiple of 40?
False
Is 144 a factor of 8356032?
True
Does 154 divide 10074215?
False
Does 6 divide 297660?
True
Is 126 a factor of 1749510?
True
Is 319956 a multiple of 26?
True
Does 1127 divide 61012?
False
Is 12 a factor of 671110?
False
Does 95 divide 135206?
False
Is 7565600 a multiple of 1930?
True
Is 93 a factor of 3730964?
False
Does 26 divide 162736?
False
Does 43 divide 7193040?
True
Is 30011 a multiple of 7?
False
Does 176 divide 564991?
False
Is 409 a factor of 504582?
False
Does 365 divide 820885?
True
Is 111734 a multiple of 9?
False
Does 58 divide 263900?
True
Is 242 a factor of 11132?
True
Does 124 divide 2128180?
False
Does 13 divide 3780393?
False
Is 40 a factor of 45914?
False
Does 110 divide 64315?
False
Is 2 a factor of 9141?
False
Is 247 a factor of 27773?
False
Does 273 divide 961506?
True
Is 467 a factor of 320654?
False
Is 178 a factor of 689726?
False
Is 77 a factor of 13886411?
True
Is 490115 a multiple of 83?
True
Is 2718657 a multiple of 9?
True
Is 18 a factor of 1438614?
True
Is 41 a factor of 6707525?
False
Does 133 divide 135793?
True
Is 51 a factor of 1410605?
False
Is 220 a factor of 150920?
True
Is 1450470 a multiple of 21?
True
Is 1026560 a multiple of 32?
True
Is 18 a factor of 1656407?
False
Is 1235 a multiple of 2?
False
Is 1156157 a multiple of 936?
False
Is 344251 even?
False
Does 93 divide 1743618?
False
Is 263898 a multiple of 219?
False
Is 35 a factor of 274537?
False
Is 38 a factor of 883509?
False
Is 2120250 a multiple of 15?
True
Is 1367047 a multiple of 14?
False
Is 10240779 a multiple of 51?
False
Does 28 divide 476141?
False
Is 105154 a multiple of 74?
True
Does 10 divide 345?
False
Does 203 divide 1428917?
True
Is 4 a factor of 1046727?
False
Is 5 a factor of 2913906?
False
Is 3652256 a multiple of 26?
False
Is 247164 a multiple of 21?
False
Is 12524520 a multiple of 354?
True
Is 7 a factor of 9681042?
True
Is 25716744 a multiple of 603?
True
Is 208096 a multiple of 28?
True
Is 12 a factor of 284528?
False
Is 724500 a multiple of 414?
True
Is 12 a factor of 4913664?
True
Is 5 a factor of 1108660?
True
Is 107442 a multiple of 423?
True
Is 2144880 a multiple of 170?
False
Is 10842690 a multiple of 317?
False
Is 195185 a multiple of 103?
True
Does 97 divide 1807397?
False
Is 1259414 a multiple of 13?
True
Is 69 a fact